2 = 19*y. Calculate the greatest common factor of 6 and y.
6
Let m(x) = 14*x**2 - 17*x + 1. Let k be m(6). Suppose 3*w - 111 + 18 = 0. Calculate the highest common factor of k and w.
31
Let g = 27 + 19. Suppose -154 = 6*o - 13*o. Let l = g - o. Calculate the highest common divisor of 60 and l.
12
Let k be 3/(((-6)/(-114))/(182/42)). Calculate the highest common factor of 104 and k.
13
Let d = 23996 + -23973. Let c(n) = -22*n**3 + 2*n**2 - n - 2. Let v = -6 + 4. Let a be c(v). Calculate the greatest common factor of d and a.
23
Let b(l) = -15*l**2 + 4*l - 15. Let v be b(-4). Let n = v - -300. Calculate the highest common factor of n and 203.
29
Suppose 7*g = 3*g - 12. Let h be (g + 2 + 2)/(4/8). Let d be 3/((-20)/12 + h). What is the greatest common factor of 18 and d?
9
Let x = 162 - -4. Suppose -55 - x = -17*k. What is the highest common divisor of 403 and k?
13
Let g(a) = 7*a**2 - 5*a - 6. Let d = 1 - -5. Let o be g(d). Suppose 1337 = 49*c + 14. Calculate the greatest common factor of c and o.
27
Suppose 0 = -4*h + z + 997, 42*h + z - 753 = 39*h. Calculate the greatest common divisor of h and 325.
25
Let p = 3 - 6. Let z be (p/(-6))/(2/144). Calculate the highest common factor of 48 and z.
12
Let p = -36 - -85. Suppose -4*j = -3 - p. What is the greatest common factor of j and 351?
13
Let o(l) = -15*l - 8*l**2 + 21*l - 20*l + 9*l**2 + 47. Let v be o(10). What is the greatest common divisor of v and 49?
7
Let s = 54 - 175. Let m = s + 198. What is the highest common factor of m and 7?
7
Let g be 6/(-4)*(-13150)/789. Calculate the greatest common divisor of 935 and g.
5
Let w be (-7920)/220*(-35 + 1). What is the highest common divisor of 170 and w?
34
Suppose -41*l - 137 = -33*l - 833. Let s(a) = -12*a - 4. Let f be s(-10). Calculate the greatest common factor of l and f.
29
Let n(a) = 4*a**2 - 43*a - 21. Let d be n(13). Suppose d = -29*j + 33*j. Calculate the greatest common divisor of 28 and j.
4
Let f(w) = -w**3 + 14*w**2 + 13*w + 33. Let d be f(15). Suppose -d*b - 16 = -5*a + 11, -1 = a + b. Calculate the highest common divisor of 3 and a.
3
Suppose 1 = a - 1. Suppose y + 3*z = 133, 10*z - 15*z = -2*y + 244. Suppose 0 = 5*c + a - y. Calculate the greatest common factor of c and 5.
5
Suppose 0 = 5*y - 276 - 154. Let z = -366857 - -366900. Calculate the highest common divisor of z and y.
43
Let n be 12/(-4) + -5 - (-40 - 17). What is the greatest common divisor of 224 and n?
7
Let h(x) = -7*x**3 - 93*x**2 + 17*x - 21. Let j be h(-14). What is the greatest common factor of j and 49?
7
Let l(a) = 8*a - 39. Let f be l(9). Let p = f - 30. Suppose 5*m - 5*n = p*m, -n = -2. Calculate the greatest common divisor of m and 20.
5
Let n be 0 - (0 + 0) - 1*(-8)/2. What is the highest common divisor of 36 and n?
4
Suppose -7 = -8*a + 7*a. Let l be 1 + (-4 + 3)/1. Let u = l + 1. Calculate the highest common factor of u and a.
1
Suppose -2*q + 144 = 4*a, -3*q + 168 + 48 = -3*a. Suppose 61*k - 64*k - 34 = -c, -5*k = -5*c + 110. Calculate the highest common factor of c and q.
8
Suppose -203*r + 2*x = -206*r + 467, 2*x = 5*r - 773. Let i = -45 + 169. What is the highest common divisor of r and i?
31
Let d(f) = 1322*f - 3578. Let w be d(4). Calculate the greatest common divisor of w and 100.
10
Suppose -35*r - 1834 = -38*r - 4*x, 0 = r - 2*x - 608. Let a = 101 - 81. Calculate the greatest common divisor of a and r.
10
Let m(s) = 3*s**2 - 49*s - 32. Let n be m(19). Let q be (-45)/n*44/(-3)*12. Calculate the greatest common factor of 66 and q.
66
Suppose 68*b - 60*b - 4488 = 0. Calculate the greatest common divisor of 231 and b.
33
Suppose 165 + 158 = 5*o - x, -2*o - x = -125. Let k = 67 - o. Suppose k*w + 72 - 648 = 0. What is the greatest common divisor of w and 24?
24
Suppose -184 - 245 = -3*f. Let a(k) = 8 + 0*k**3 - 6*k - 4 + 2*k**2 - 8*k**2 + k**3. Let l be a(7). Calculate the highest common factor of f and l.
11
Suppose 4*k - 76 = -2*c, 3*k - 19 + 81 = 2*c. Suppose -36 - 270 = -3*s. Calculate the highest common divisor of c and s.
34
Let v = -1187 - -966. Let i = -18 - v. Let c be (29 + 0)*1/1. Calculate the greatest common divisor of i and c.
29
Let q be 29/(-58) + 18/4. Suppose -6*s + 300 = q*s. What is the greatest common factor of 105 and s?
15
Let o(l) = 841*l + 2539. Let s be o(-3). Calculate the highest common divisor of s and 19208.
8
Let h = 9487 + -9295. Calculate the greatest common divisor of 9 and h.
3
Let l(v) be the first derivative of -9*v + 2*v**2 - 7/3*v**3 + 3 + 1/4*v**4. Let s be l(7). What is the highest common factor of 171 and s?
19
Let d(k) = -4*k**2 + 161*k - 38. Let i be d(40). Suppose -m - 1 + i = 0, 0 = s - m - 3. Calculate the highest common divisor of 14 and s.
2
Suppose 5*c = 3*t + 21, 0*c + 4 = 4*c + 4*t. Suppose 2*l = 0, 9 = -3*a + c*l - 27. Let j be -3*(-2 - (-88)/a). What is the highest common divisor of 21 and j?
7
Let j be 40/24*((-342)/(-15) + 3). What is the highest common factor of 11 and j?
1
Let o(c) = 37*c + 24*c**2 + 11*c**3 - 10*c**3 + 3 - 10*c**2. Let v be o(-10). What is the highest common factor of v and 33?
33
Suppose -74 = 5*b - 149. Let o = 141 - b. Calculate the greatest common divisor of o and 18.
18
Let t(v) = 10*v + 194. Let c be t(0). Let d be (-2)/(-7) - c/(-7). What is the greatest common divisor of d and 7?
7
Let f be 1/(-7 + (-116)/(-16)). Suppose p + f*k = 6*p - 612, p - 118 = 3*k. Calculate the greatest common factor of 8 and p.
4
Suppose -18*v + 56*v - 15618 = 0. What is the highest common factor of 3 and v?
3
Let c(l) = -l**2 - 93*l - 1221. Let r be c(-77). Calculate the greatest common factor of r and 27962.
11
Let s(g) = -g**2 + 10*g + 21. Let p be (27 - -9)*(-1)/(-3). Let z be s(p). Let u be 8*(-111)/36*z + 1. What is the greatest common divisor of u and 30?
15
Let s be (180 - 18)*(-1 - (-10)/6). Suppose g - 4*i = 100, i - s = -g + 3*i. Let m be (-2)/3 + (-89)/(-3). What is the highest common factor of g and m?
29
Let p(i) = 18*i**2 - 20. Let u be p(2). What is the highest common divisor of u and 8?
4
Suppose -25*k - 13*k + 100083 - 26097 = 0. Calculate the greatest common factor of 165 and k.
33
Suppose -2*g + 29 = 11. Suppose 4 - g = -5*f. Let n be (-6 - 64/(-12))/(f/(-9)). Calculate the highest common factor of 12 and n.
6
Let s = -24205 - -24645. What is the highest common divisor of s and 352?
88
Let a = 7675 + -7656. What is the greatest common divisor of a and 1501?
19
Let l = 1001 - 585. Suppose j = -p - 184, -3*p - 312 + 1034 = -4*j. Let m = j + l. Calculate the highest common factor of m and 26.
26
Suppose 127*h = 102*h + 36433 - 4308. What is the highest common divisor of h and 5?
5
Suppose 12*s - 7791 - 2936 - 1513 = 0. What is the highest common divisor of s and 48?
12
Suppose -2017 + 17765 = 5*z + 4*i, 3*z - 9439 = -i. What is the highest common factor of 96 and z?
24
Suppose 61*p - 66*p - 537 = -o, 4*o - 2058 = 5*p. What is the highest common divisor of o and 12?
3
Let p(c) = 56*c - 1024. Let v be p(21). Calculate the highest common factor of 1444 and v.
76
Let l be 36 - ((-35)/7 - (15 - 11)). Calculate the greatest common divisor of l and 19755.
45
Suppose -10034 = 36*h + 11278. Let m = h + 624. Calculate the highest common divisor of m and 304.
16
Suppose c - 3*u = -4*c + 2599, 2087 = 4*c - 5*u. Let w = -15667 + 15681. What is the highest common factor of w and c?
14
Suppose 7 = 2*i - 1. Let d be (3/9)/(6/(-18)) + i. Suppose -1 = -5*q + d*x + 79, 2*x = -3*q + 29. Calculate the greatest common factor of q and 117.
13
Let i(b) = -6*b + 55. Let l be i(10). Let j = 4 + -3. Let k be ((-728)/35)/(6/l + j). Calculate the highest common divisor of 26 and k.
26
Let b(z) = z**2 + 5*z + 180. Let a be b(-44). What is the highest common factor of 237 and a?
237
Let f = -295 - -350. Let g = 105 + f. What is the highest common factor of 40 and g?
40
Suppose -3*c = 3*p + 471, -c = -p - 3*c - 159. Let b = p + 161. What is the greatest common factor of b and 2?
2
Suppose -3*k + 5*t = -75, -5*k + 2718*t - 2722*t = -88. Calculate the greatest common factor of k and 3940.
20
Suppose k + 4*v + v = 50, 5*v + 70 = 3*k. Let w be ((-1053)/(-13))/(((-15)/200)/(1/(-4))). Calculate the greatest common divisor of k and w.
30
Let c(k) = -51*k + 341. Let a be c(6). Calculate the highest common fact